{"id":197,"date":"2026-03-03T11:53:45","date_gmt":"2026-03-03T14:53:45","guid":{"rendered":"https:\/\/mutreta.top\/wiki\/?page_id=197"},"modified":"2026-04-02T17:42:36","modified_gmt":"2026-04-02T20:42:36","slug":"comandos","status":"publish","type":"page","link":"https:\/\/mutreta.top\/wiki\/comandos\/","title":{"rendered":"Comandos"},"content":{"rendered":"\n<hr class=\"wp-block-separator has-alpha-channel-opacity\"\/>\n\n\n\n<figure class=\"wp-block-table\"><table class=\"has-fixed-layout\"><tbody><tr><td>\/addstr [quantidade de pontos]<\/td><td>Adiciona pontos em For\u00e7a.<\/td><\/tr><tr><td>\/addagi [quantidade de pontos]<\/td><td>Adiciona pontos em Agilidade.<\/td><\/tr><tr><td>\/addvit [quantidade de pontos]<\/td><td>Adiciona pontos em Vitalidade.<\/td><\/tr><tr><td>\/addene [quantidade de pontos]<\/td><td>Adiciona pontos em Energia.<\/td><\/tr><tr><td>\/addcmd [quantidade de pontos]<\/td><td>Adiciona pontos em Comando.<\/td><\/tr><tr><td>\/post [mensagem]<\/td><td>Envia uma mensagem no bate-papo para todo o servidor.<\/td><\/tr><tr><td>\/clearinv<\/td><td>Limpa por inteiro o invent\u00e1rio principal (atalho: I, V) &#8211; <strong>ATEN\u00c7\u00c3O! N\u00e3o restauramos itens perdidos por este comando!<\/strong><\/td><\/tr><tr><td>\/clearextinventory<\/td><td>Limpa por inteiro os invent\u00e1rios expandidos (atalho: I, V) &#8211; <strong>ATEN\u00c7\u00c3O! N\u00e3o restauramos itens perdidos por este comando!<\/strong><\/td><\/tr><tr><td>\/cleareventinventory<\/td><td>Limpa por inteiro o invent\u00e1rio de evento (atalho: CTRL + V) &#8211; <strong>ATEN\u00c7\u00c3O! N\u00e3o restauramos itens perdidos por este comando!<\/strong><\/td><\/tr><tr><td>\/cleargremorycase<\/td><td>Limpa por inteiro o invent\u00e1rio de recompensas (atalho: K) &#8211; <strong>ATEN\u00c7\u00c3O! N\u00e3o restauramos itens perdidos por este comando!<\/strong><\/td><\/tr><tr><td>\/clearmuun<\/td><td>Limpa por inteiro o invent\u00e1rio de ajudantes Muun (atalho: T) &#8211; <strong>ATEN\u00c7\u00c3O! N\u00e3o restauramos itens perdidos por este comando!<\/strong><\/td><\/tr><tr><td>\/clearpk<\/td><td>Limpa a reputa\u00e7\u00e3o do jogador, deixando de ser fora da Lei e retornando \u00e0 situa\u00e7\u00e3o de jogador comum.<\/td><\/tr><tr><td>\/clearzen<\/td><td>Apaga completamente o Zen possu\u00eddo pelo personagem. &#8211; <strong>ATEN\u00c7\u00c3O! N\u00e3o restauramos Zen perdido por este comando!<\/strong><\/td><\/tr><tr><td>\/offattack<\/td><td>Permite ao personagem progredir sozinho e offline durante o uso do MU Helper (auto-farm), mesmo com o PC desligado.<\/td><\/tr><tr><td>\/offstore<\/td><td>Permite ao personagem vender itens em uma loja pessoal sozinho e offline, mesmo com o PC desligado.<\/td><\/tr><tr><td>\/duel<\/td><td>Prop\u00f5e um duelo (PVP) a um outro jogador, podendo apostar itens ou n\u00e3o.<\/td><\/tr><tr><td>\/guildwar [guilda oponente]<\/td><td>Declara guerra (PVP) a uma outra guilda contra a sua. Guerras de guilda podem ser canceladas no painel de guilda (G).<\/td><\/tr><tr><td>\/war [guilda oponente]<\/td><td>Declara guerra (PVP) a uma outra guilda contra a sua.<\/td><\/tr><tr><td>\/hostilcancel [guilda oponente]<\/td><td>Declara paz (PVP) a uma guilda com a qual estiver em guerra (caso a guerra tenha sido declarada por voc\u00ea).<\/td><\/tr><tr><td>\/danhlo&nbsp;&nbsp;n\u00ba&nbsp;&nbsp;tipo_aposta&nbsp;&nbsp;valor<\/td><td>Realiza uma aposta contra um outro jogador.<\/td><\/tr><tr><td>\/danhde&nbsp;&nbsp;n\u00ba&nbsp;&nbsp;tipo_aposta&nbsp;&nbsp;valor<\/td><td>Realiza uma aposta contra um outro jogador.<\/td><\/tr><tr><td>\/soccer [guilda oponente]<\/td><td>Prop\u00f5e uma partida de futebol contra a guilda oponente. O l\u00edder oponente precisa estar online e aceitar.<\/td><\/tr><tr><td>\/postview [on\/off]<\/td><td>Habilita \/ desabilita o bate-papo de mensagens globais.<\/td><\/tr><tr><td>\/whisper [on\/off]<\/td><td>Habilita \/ desabilita mensagens pessoais (whisper).<\/td><\/tr><tr><td>\/requests [on\/off]<\/td><td>Enable \/ disable requests in-game.<\/td><\/tr><tr><td>\/pkpoints<\/td><td>Visualiza detalhes sobre a pontua\u00e7\u00e3o de fora da Lei do pr\u00f3prio jogador.<\/td><\/tr><\/tbody><\/table><\/figure>\n","protected":false},"excerpt":{"rendered":"<div class=\"mh-excerpt\"><p>\/addstr [quantidade de pontos] Adiciona pontos em For\u00e7a. \/addagi [quantidade de pontos] Adiciona pontos em Agilidade. \/addvit [quantidade de pontos] Adiciona pontos em Vitalidade. \/addene <a class=\"mh-excerpt-more\" href=\"https:\/\/mutreta.top\/wiki\/comandos\/\" title=\"Comandos\">[&#8230;]<\/a><\/p>\n<\/div>","protected":false},"author":1,"featured_media":0,"parent":0,"menu_order":0,"comment_status":"closed","ping_status":"closed","template":"","meta":{"footnotes":""},"class_list":["post-197","page","type-page","status-publish","hentry"],"_links":{"self":[{"href":"https:\/\/mutreta.top\/wiki\/wp-json\/wp\/v2\/pages\/197","targetHints":{"allow":["GET"]}}],"collection":[{"href":"https:\/\/mutreta.top\/wiki\/wp-json\/wp\/v2\/pages"}],"about":[{"href":"https:\/\/mutreta.top\/wiki\/wp-json\/wp\/v2\/types\/page"}],"author":[{"embeddable":true,"href":"https:\/\/mutreta.top\/wiki\/wp-json\/wp\/v2\/users\/1"}],"replies":[{"embeddable":true,"href":"https:\/\/mutreta.top\/wiki\/wp-json\/wp\/v2\/comments?post=197"}],"version-history":[{"count":4,"href":"https:\/\/mutreta.top\/wiki\/wp-json\/wp\/v2\/pages\/197\/revisions"}],"predecessor-version":[{"id":979,"href":"https:\/\/mutreta.top\/wiki\/wp-json\/wp\/v2\/pages\/197\/revisions\/979"}],"wp:attachment":[{"href":"https:\/\/mutreta.top\/wiki\/wp-json\/wp\/v2\/media?parent=197"}],"curies":[{"name":"wp","href":"https:\/\/api.w.org\/{rel}","templated":true}]}}