{"id":205,"date":"2026-03-03T12:04:43","date_gmt":"2026-03-03T15:04:43","guid":{"rendered":"https:\/\/mutreta.top\/wiki\/?page_id=205"},"modified":"2026-03-24T12:59:50","modified_gmt":"2026-03-24T15:59:50","slug":"filosofia-do-servidor","status":"publish","type":"page","link":"https:\/\/mutreta.top\/wiki\/filosofia-do-servidor\/","title":{"rendered":"Filosofia do Servidor"},"content":{"rendered":"\n<hr class=\"wp-block-separator has-alpha-channel-opacity\"\/>\n\n\n\n<p><\/p>\n\n\n\n<h2 class=\"wp-block-heading\">\u00c9tica Organizacional<\/h2>\n\n\n\n<figure class=\"wp-block-table\"><table class=\"has-fixed-layout\"><tbody><tr><td>Venda de itens\/sets\/jewels por dinheiro real (R$)?<\/td><td>N\u00e3o, vai contra nossa filosofia. Todo o progresso precisa ser conquistado pelos jogadores.<\/td><\/tr><tr><td>Venda de servi\u00e7os por dinheiro real (R$)?<\/td><td>N\u00e3o, vai contra nossa filosofia. Todo o progresso precisa ser conquistado pelos jogadores.<\/td><\/tr><tr><td>\u00c9 obrigat\u00f3rio doar para o servidor e ser VIP?<\/td><td>N\u00e3o, vai contra nossa filosofia. O acesso ao jogo \u00e9 gratuito e sempre ser\u00e1.<\/td><\/tr><tr><td>Vou ter desvantagens por n\u00e3o ser VIP?<\/td><td>N\u00e3o, vai contra nossa filosofia. Todo jogador (VIP ou n\u00e3o) tem acesso completo a todo o conte\u00fado do jogo.<\/td><\/tr><tr><td>Eu adquiro um produto\/servi\u00e7o ao ser VIP?<\/td><td>N\u00e3o, vai contra nossa filosofia. Doa\u00e7\u00f5es s\u00e3o opcionais e usadas para cobrir nossos custos. N\u00e3o h\u00e1 vendas.<\/td><\/tr><tr><td>Qual o limite de jogadores online do MuTreta?<\/td><td>M\u00e1ximo de 100 jogadores online simult\u00e2neos (a quantidade total de contas \u00e9 ilimitada).<\/td><\/tr><tr><td>Por qu\u00ea apenas 100 jogadores online?<\/td><td>Baixo custo operacional a longo prazo \u00e9 crucial. Preferimos poucos jogadores fi\u00e9is do que grandes n\u00fameros.<\/td><\/tr><tr><td>Por qu\u00ea voc\u00eas oferecem VIP se n\u00e3o visam lucro?<\/td><td>Apesar do nosso objetivo ser prover um jogo gratuito, todo servidor de jogos possui custos operacionais.<\/td><\/tr><\/tbody><\/table><\/figure>\n\n\n\n<h2 class=\"wp-block-heading\">Estrat\u00e9gia Comercial<\/h2>\n\n\n\n<figure class=\"wp-block-table\"><table class=\"has-fixed-layout\"><tbody><tr><td>Como o servidor se mant\u00e9m?<\/td><td>Finan\u00e7as pr\u00f3prias e <a href=\"https:\/\/mutreta.top\/donation\" target=\"_blank\" rel=\"noreferrer noopener\">doa\u00e7\u00f5es dos jogadores<\/a>.<\/td><\/tr><tr><td>Como sei se o servidor vai durar ou n\u00e3o?<\/td><td>Planejamos nossas finan\u00e7as para o longo prazo.<\/td><\/tr><tr><td>Moedas Virtuais (vulgo &#8220;cash&#8221;)<\/td><td>Obtidas de gra\u00e7a ao jogar. N\u00e3o s\u00e3o vendidas (R$).<\/td><\/tr><tr><td>Goblin Points<\/td><td>Obtidos de gra\u00e7a ao jogar. N\u00e3o s\u00e3o vendidos (R$).<\/td><\/tr><tr><td>X Shop<\/td><td>Itens por Moedas Virtuais. N\u00e3o s\u00e3o vendidos (R$).<\/td><\/tr><tr><td>Joalheiro Raul<\/td><td>Itens por Goblin Points. N\u00e3o s\u00e3o vendidos (R$).<\/td><\/tr><tr><td>Itens \/ Sets \/ Joias \/ Servi\u00e7os \/ Personagens Full<\/td><td>Jamais ser\u00e3o vendidos (R$) por nossa equipe.<\/td><\/tr><\/tbody><\/table><\/figure>\n\n\n\n<p><\/p>\n","protected":false},"excerpt":{"rendered":"<div class=\"mh-excerpt\"><p>\u00c9tica Organizacional Venda de itens\/sets\/jewels por dinheiro real (R$)? N\u00e3o, vai contra nossa filosofia. Todo o progresso precisa ser conquistado pelos jogadores. Venda de servi\u00e7os <a class=\"mh-excerpt-more\" href=\"https:\/\/mutreta.top\/wiki\/filosofia-do-servidor\/\" title=\"Filosofia do Servidor\">[&#8230;]<\/a><\/p>\n<\/div>","protected":false},"author":1,"featured_media":0,"parent":0,"menu_order":0,"comment_status":"closed","ping_status":"closed","template":"","meta":{"footnotes":""},"class_list":["post-205","page","type-page","status-publish","hentry"],"_links":{"self":[{"href":"https:\/\/mutreta.top\/wiki\/wp-json\/wp\/v2\/pages\/205","targetHints":{"allow":["GET"]}}],"collection":[{"href":"https:\/\/mutreta.top\/wiki\/wp-json\/wp\/v2\/pages"}],"about":[{"href":"https:\/\/mutreta.top\/wiki\/wp-json\/wp\/v2\/types\/page"}],"author":[{"embeddable":true,"href":"https:\/\/mutreta.top\/wiki\/wp-json\/wp\/v2\/users\/1"}],"replies":[{"embeddable":true,"href":"https:\/\/mutreta.top\/wiki\/wp-json\/wp\/v2\/comments?post=205"}],"version-history":[{"count":13,"href":"https:\/\/mutreta.top\/wiki\/wp-json\/wp\/v2\/pages\/205\/revisions"}],"predecessor-version":[{"id":900,"href":"https:\/\/mutreta.top\/wiki\/wp-json\/wp\/v2\/pages\/205\/revisions\/900"}],"wp:attachment":[{"href":"https:\/\/mutreta.top\/wiki\/wp-json\/wp\/v2\/media?parent=205"}],"curies":[{"name":"wp","href":"https:\/\/api.w.org\/{rel}","templated":true}]}}