{"id":233,"date":"2026-03-03T17:10:49","date_gmt":"2026-03-03T20:10:49","guid":{"rendered":"https:\/\/mutreta.top\/wiki\/?page_id=233"},"modified":"2026-03-24T12:55:52","modified_gmt":"2026-03-24T15:55:52","slug":"quem-somos","status":"publish","type":"page","link":"https:\/\/mutreta.top\/wiki\/quem-somos\/","title":{"rendered":"Quem Somos"},"content":{"rendered":"\n<hr class=\"wp-block-separator has-alpha-channel-opacity\"\/>\n\n\n\n<p><\/p>\n\n\n\n<p>O projeto MuTreta surgiu a partir de um grupo de amigos, que jogava MU Online madrugadas adentro durante a juventude, e em nome da nostalgia decidiu reviver os velhos tempos e os bons momentos do passado, por\u00e9m reimaginados em um ambiente mais casual, justo e sem qualquer comercializa\u00e7\u00e3o, sendo muito diferente da vers\u00e3o original do jogo onde dinheiro era sin\u00f4nimo de poder imediato.<\/p>\n\n\n\n<figure class=\"wp-block-image size-full\"><img loading=\"lazy\" decoding=\"async\" width=\"728\" height=\"486\" src=\"https:\/\/mutreta.top\/wiki\/wp-content\/uploads\/2026\/03\/pc-antigo-1.png\" alt=\"\" class=\"wp-image-309\" srcset=\"https:\/\/mutreta.top\/wiki\/wp-content\/uploads\/2026\/03\/pc-antigo-1.png 728w, https:\/\/mutreta.top\/wiki\/wp-content\/uploads\/2026\/03\/pc-antigo-1-300x200.png 300w\" sizes=\"auto, (max-width: 728px) 100vw, 728px\" \/><\/figure>\n\n\n\n<p>Nossa miss\u00e3o \u00e9 proporcionar sempre uma jogatina justa de verdade, onde os jogadores se sentem recompensados pelo seus esfor\u00e7os e dedica\u00e7\u00e3o, refletindo diretamente em progresso e divers\u00e3o.<\/p>\n\n\n\n<p>Em tempos de jogos predat\u00f3rios e empresas sem qualquer pudor de ir \u00e0 carteira dos jogadores, n\u00f3s lutamos contra o sistema e mostramos que \u00e9 poss\u00edvel se divertir sem gastar nada!<\/p>\n\n\n\n<p>Este projeto \u00e9 fruto da dedica\u00e7\u00e3o de poucos, mas \u00e9 um presente para todos os amantes de MU Online.<\/p>\n\n\n\n<p>Esperamos que se divirtam tanto quanto n\u00f3s!<\/p>\n\n\n\n<p><em>Administra\u00e7\u00e3o MuTreta<\/em><\/p>\n","protected":false},"excerpt":{"rendered":"<div class=\"mh-excerpt\"><p>O projeto MuTreta surgiu a partir de um grupo de amigos, que jogava MU Online madrugadas adentro durante a juventude, e em nome da nostalgia <a class=\"mh-excerpt-more\" href=\"https:\/\/mutreta.top\/wiki\/quem-somos\/\" title=\"Quem Somos\">[&#8230;]<\/a><\/p>\n<\/div>","protected":false},"author":1,"featured_media":0,"parent":0,"menu_order":0,"comment_status":"closed","ping_status":"closed","template":"","meta":{"footnotes":""},"class_list":["post-233","page","type-page","status-publish","hentry"],"_links":{"self":[{"href":"https:\/\/mutreta.top\/wiki\/wp-json\/wp\/v2\/pages\/233","targetHints":{"allow":["GET"]}}],"collection":[{"href":"https:\/\/mutreta.top\/wiki\/wp-json\/wp\/v2\/pages"}],"about":[{"href":"https:\/\/mutreta.top\/wiki\/wp-json\/wp\/v2\/types\/page"}],"author":[{"embeddable":true,"href":"https:\/\/mutreta.top\/wiki\/wp-json\/wp\/v2\/users\/1"}],"replies":[{"embeddable":true,"href":"https:\/\/mutreta.top\/wiki\/wp-json\/wp\/v2\/comments?post=233"}],"version-history":[{"count":7,"href":"https:\/\/mutreta.top\/wiki\/wp-json\/wp\/v2\/pages\/233\/revisions"}],"predecessor-version":[{"id":897,"href":"https:\/\/mutreta.top\/wiki\/wp-json\/wp\/v2\/pages\/233\/revisions\/897"}],"wp:attachment":[{"href":"https:\/\/mutreta.top\/wiki\/wp-json\/wp\/v2\/media?parent=233"}],"curies":[{"name":"wp","href":"https:\/\/api.w.org\/{rel}","templated":true}]}}