{"id":373,"date":"2026-03-03T19:58:25","date_gmt":"2026-03-03T22:58:25","guid":{"rendered":"https:\/\/mutreta.top\/wiki\/?page_id=373"},"modified":"2026-03-04T00:41:03","modified_gmt":"2026-03-04T03:41:03","slug":"cursed-santa","status":"publish","type":"page","link":"https:\/\/mutreta.top\/wiki\/cursed-santa\/","title":{"rendered":"Cursed Santa"},"content":{"rendered":"\n<h1 class=\"wp-block-heading\">\ud83d\udfe2 Cursed Santa \/ Eventos Sazonais<\/h1>\n\n\n\n<p>Aparecem em datas espec\u00edficas.<br>Funcionam como invas\u00f5es r\u00e1pidas com drops especiais.<\/p>\n\n\n\n<figure class=\"wp-block-image size-full\"><img loading=\"lazy\" decoding=\"async\" width=\"728\" height=\"486\" src=\"https:\/\/mutreta.top\/wiki\/wp-content\/uploads\/2026\/03\/cursed-santa-1.png\" alt=\"\" class=\"wp-image-397\" srcset=\"https:\/\/mutreta.top\/wiki\/wp-content\/uploads\/2026\/03\/cursed-santa-1.png 728w, https:\/\/mutreta.top\/wiki\/wp-content\/uploads\/2026\/03\/cursed-santa-1-300x200.png 300w\" sizes=\"auto, (max-width: 728px) 100vw, 728px\" \/><\/figure>\n\n\n\n<p><\/p>\n","protected":false},"excerpt":{"rendered":"<div class=\"mh-excerpt\"><p>\ud83d\udfe2 Cursed Santa \/ Eventos Sazonais Aparecem em datas espec\u00edficas.Funcionam como invas\u00f5es r\u00e1pidas com drops especiais.<\/p>\n<\/div>","protected":false},"author":1,"featured_media":0,"parent":0,"menu_order":0,"comment_status":"closed","ping_status":"closed","template":"","meta":{"footnotes":""},"class_list":["post-373","page","type-page","status-publish","hentry"],"_links":{"self":[{"href":"https:\/\/mutreta.top\/wiki\/wp-json\/wp\/v2\/pages\/373","targetHints":{"allow":["GET"]}}],"collection":[{"href":"https:\/\/mutreta.top\/wiki\/wp-json\/wp\/v2\/pages"}],"about":[{"href":"https:\/\/mutreta.top\/wiki\/wp-json\/wp\/v2\/types\/page"}],"author":[{"embeddable":true,"href":"https:\/\/mutreta.top\/wiki\/wp-json\/wp\/v2\/users\/1"}],"replies":[{"embeddable":true,"href":"https:\/\/mutreta.top\/wiki\/wp-json\/wp\/v2\/comments?post=373"}],"version-history":[{"count":5,"href":"https:\/\/mutreta.top\/wiki\/wp-json\/wp\/v2\/pages\/373\/revisions"}],"predecessor-version":[{"id":398,"href":"https:\/\/mutreta.top\/wiki\/wp-json\/wp\/v2\/pages\/373\/revisions\/398"}],"wp:attachment":[{"href":"https:\/\/mutreta.top\/wiki\/wp-json\/wp\/v2\/media?parent=373"}],"curies":[{"name":"wp","href":"https:\/\/api.w.org\/{rel}","templated":true}]}}