{"id":573,"date":"2026-03-07T10:38:35","date_gmt":"2026-03-07T13:38:35","guid":{"rendered":"https:\/\/mutreta.top\/wiki\/?page_id=573"},"modified":"2026-03-24T13:19:26","modified_gmt":"2026-03-24T16:19:26","slug":"evolucao-de-nivel","status":"publish","type":"page","link":"https:\/\/mutreta.top\/wiki\/evolucao-de-nivel\/","title":{"rendered":"Evolu\u00e7\u00e3o de N\u00edvel"},"content":{"rendered":"\n<hr class=\"wp-block-separator has-alpha-channel-opacity\"\/>\n\n\n\n<p><\/p>\n\n\n\n<p>Evoluir no jogo de forma eficiente \u00e9 crucial para obter sucesso em sua aventura!<\/p>\n\n\n\n<p>Abaixo temos algumas recomenda\u00e7\u00f5es para que voc\u00ea suba de n\u00edvel da melhor forma:<\/p>\n\n\n\n<ul class=\"wp-block-list\">\n<li class=\"has-medium-font-size\"><strong>Lorencia \/ Noria \/ Elbeland<\/strong>\n<ul class=\"wp-block-list\">\n<li>Recomendado: n\u00edvel 1 ao 30\n<ul class=\"wp-block-list\">\n<li class=\"has-small-font-size\">A depender da classe escolhida, voc\u00ea se encontrar\u00e1 em um desses tr\u00eas mapas iniciais. Ao sair de cada cidade e pressionando a tecla TAB, voc\u00ea pode acompanhar em tempo real em um mapa transl\u00facido por cima de sua gameplay os principais &#8220;SPOTS&#8221; ou &#8220;SUPER SPOTS&#8221;, locais esses ideais para evoluir de n\u00edvel, bastando se encaminhar at\u00e9 l\u00e1 e come\u00e7ar a combater!<\/li>\n<\/ul>\n<\/li>\n<\/ul>\n<\/li>\n\n\n\n<li class=\"has-medium-font-size\"><strong>Devias \/ Devias 2<\/strong>\n<ul class=\"wp-block-list\">\n<li>Recomendado: n\u00edvel 31 ao 50\n<ul class=\"wp-block-list\">\n<li class=\"has-small-font-size\">Um lugar um pouco mais desafiador agora que voc\u00ea j\u00e1 possui algum n\u00edvel de poder. V\u00e1 coletando os itens adequados \u00e0 sua classe e invista inicialmente em ataque, preocupando-se menos com a defesa, pois para evoluir r\u00e1pido, ter dano elevado \u00e9 essencial!<\/li>\n<\/ul>\n<\/li>\n<\/ul>\n<\/li>\n\n\n\n<li class=\"has-medium-font-size\"><strong>Devias 3 \/ Devias 4<\/strong>\n<ul class=\"wp-block-list\">\n<li>Recomendado: n\u00edvel 51 ao 90\n<ul class=\"wp-block-list\">\n<li class=\"has-small-font-size\">Os Yetis e Yetis Elite s\u00e3o uma \u00f3tima fonte de experi\u00eancia at\u00e9 voc\u00ea encontrar aptid\u00e3o para combater os monstros em Lost Tower. Se seus equipamentos estiverem bons o bastante, voc\u00ea pode arriscar ir \u00e0 Dungeon o quanto antes poss\u00edvel! Lembre-se de levar po\u00e7\u00f5es de vida e mana.<\/li>\n<\/ul>\n<\/li>\n<\/ul>\n<\/li>\n\n\n\n<li class=\"has-medium-font-size\"><strong>Dungeon 1 a a 3<\/strong>\n<ul class=\"wp-block-list\">\n<li>Recomendado: n\u00edvel 91 ao 130\n<ul class=\"wp-block-list\">\n<li class=\"has-small-font-size\">Monstros de poder similar aos Yetis Elite ser\u00e3o encontrados aqui, ent\u00e3o equipamentos bons j\u00e1 s\u00e3o necess\u00e1rios. Preocupe-se em n\u00e3o morrer, pois os monstros j\u00e1 causam um dano consider\u00e1vel!<\/li>\n<\/ul>\n<\/li>\n<\/ul>\n<\/li>\n\n\n\n<li class=\"has-medium-font-size\"><strong>Lost Tower 1 a 7<\/strong>\n<ul class=\"wp-block-list\">\n<li>Recomendado: n\u00edvel 131 ao 180\n<ul class=\"wp-block-list\">\n<li class=\"has-small-font-size\">Aqui os monstros j\u00e1 s\u00e3o bem mais fortes e resistentes. Tenha certeza de ter adquirido nos NPCs da cidade um conjunto de equipamentos adequado para conseguir lutar aqui! Po\u00e7\u00f5es n\u00e3o s\u00e3o mais opcionais nesta fase da sua evolu\u00e7\u00e3o!<\/li>\n<\/ul>\n<\/li>\n<\/ul>\n<\/li>\n\n\n\n<li class=\"has-medium-font-size\"><strong>Aida<\/strong>\n<ul class=\"wp-block-list\">\n<li>Recomendado: n\u00edvel 181 ao 280\n<ul class=\"wp-block-list\">\n<li class=\"has-small-font-size\">Uma floresta cheia de inimigos fortes para facilitar a jornada de evolu\u00e7\u00e3o! Se achar que est\u00e1 f\u00e1cil de evoluir, procure um &#8220;SUPER SPOT&#8221; e tenha uma evolu\u00e7\u00e3o mais acelerada a troco de maior risco!<\/li>\n<\/ul>\n<\/li>\n<\/ul>\n<\/li>\n\n\n\n<li class=\"has-medium-font-size\"><strong>Karutan<\/strong>\n<ul class=\"wp-block-list\">\n<li>Recomendado: n\u00edvel 281 ao 380\n<ul class=\"wp-block-list\">\n<li class=\"has-small-font-size\">Caso ainda tenha dificuldades em Aida, ir para Kanturu pode n\u00e3o ser a melhor decis\u00e3o! Monstros resistentes e com dano razoavelmente elevado se mostrar\u00e3o um desafio para aqueles que n\u00e3o estiverem preparados. Verifique a qualidade dos seus equipamentos e abaste\u00e7a-se com bastante po\u00e7\u00f5es de vida e mana, pois ser\u00e3o essenciais! <\/li>\n<\/ul>\n<\/li>\n<\/ul>\n<\/li>\n\n\n\n<li class=\"has-medium-font-size\"><strong>Kanturu Ruins 2<\/strong>\n<ul class=\"wp-block-list\">\n<li>Recomendado do n\u00edvel 381 em diante\n<ul class=\"wp-block-list\">\n<li class=\"has-small-font-size\">Inimigos de alt\u00edssimo n\u00edvel lhe aguardam em Kanturu Ruins 2, e portanto apenas os aventureiros mais aptos j\u00e1 estar\u00e3o preparados para esse desafio! Monstros extremamente resistentes e com dano bem mais elevado desafiam os aventureiros constantemente. Verifique a qualidade dos seus equipamentos e abaste\u00e7a-se com bastante po\u00e7\u00f5es de vida e mana, pois ser\u00e3o essenciais! Ao chegar no n\u00edvel 400, voc\u00ea pode fazer a miss\u00e3o de evolu\u00e7\u00e3o de classe na regi\u00e3o de Crywolf.<\/li>\n<\/ul>\n<\/li>\n<\/ul>\n<\/li>\n\n\n\n<li class=\"has-medium-font-size\"><strong>O c\u00e9u \u00e9 o limite!<\/strong>\n<ul class=\"wp-block-list\">\n<li class=\"has-small-font-size\"><strong>Ap\u00f3s completar a miss\u00e3o do n\u00edvel 400<\/strong>, sua aventura prossegue a um abismo desconhecido! Evoluir de n\u00edvel n\u00e3o \u00e9 apenas uma tarefa qualquer mais, e <strong>\u00e9 necess\u00e1rio grande planejamento de equipamentos, po\u00e7\u00f5es e estudar os melhores locais para se aventurar<\/strong>, considerando tamb\u00e9m <strong>o tipo de elemento, o dano e a defesa elemental do seu personagem<\/strong>, pois isso ditar\u00e1 os melhores locais para a continuidade da sua aventura. Boa sorte!<\/li>\n<\/ul>\n<\/li>\n<\/ul>\n\n\n\n<p><\/p>\n","protected":false},"excerpt":{"rendered":"<div class=\"mh-excerpt\"><p>Evoluir no jogo de forma eficiente \u00e9 crucial para obter sucesso em sua aventura! Abaixo temos algumas recomenda\u00e7\u00f5es para que voc\u00ea suba de n\u00edvel da <a class=\"mh-excerpt-more\" href=\"https:\/\/mutreta.top\/wiki\/evolucao-de-nivel\/\" title=\"Evolu\u00e7\u00e3o de N\u00edvel\">[&#8230;]<\/a><\/p>\n<\/div>","protected":false},"author":1,"featured_media":0,"parent":0,"menu_order":0,"comment_status":"closed","ping_status":"closed","template":"","meta":{"footnotes":""},"class_list":["post-573","page","type-page","status-publish","hentry"],"_links":{"self":[{"href":"https:\/\/mutreta.top\/wiki\/wp-json\/wp\/v2\/pages\/573","targetHints":{"allow":["GET"]}}],"collection":[{"href":"https:\/\/mutreta.top\/wiki\/wp-json\/wp\/v2\/pages"}],"about":[{"href":"https:\/\/mutreta.top\/wiki\/wp-json\/wp\/v2\/types\/page"}],"author":[{"embeddable":true,"href":"https:\/\/mutreta.top\/wiki\/wp-json\/wp\/v2\/users\/1"}],"replies":[{"embeddable":true,"href":"https:\/\/mutreta.top\/wiki\/wp-json\/wp\/v2\/comments?post=573"}],"version-history":[{"count":9,"href":"https:\/\/mutreta.top\/wiki\/wp-json\/wp\/v2\/pages\/573\/revisions"}],"predecessor-version":[{"id":912,"href":"https:\/\/mutreta.top\/wiki\/wp-json\/wp\/v2\/pages\/573\/revisions\/912"}],"wp:attachment":[{"href":"https:\/\/mutreta.top\/wiki\/wp-json\/wp\/v2\/media?parent=573"}],"curies":[{"name":"wp","href":"https:\/\/api.w.org\/{rel}","templated":true}]}}